 What is the remainder when h is divided by s(3)?
0
Calculate the remainder when ((-215)/86 - (-6143)/(-10))/((-1)/5) is divided by 30.
24
Let z = 2573 + -2543. Let o(y) = -y**3 + 10*y**2 + 6*y - 4. Let g(d) = -d**2 - 8*d - 2. Let w be g(-6). Calculate the remainder when o(w) is divided by z.
26
Suppose 0 = -124*u + 17*u + 2737 + 4539. Let a be (-5 + -1)*21/(-2). What is the remainder when u is divided by a/6*(-10)/(-3)?
33
Suppose -3*h - w - 35 = 0, -2*h - h = -2*w + 29. Calculate the remainder when (138 - 2)*((-44)/8)/h is divided by 14.
12
Let d(q) = 43*q. Let r be d(1). Let l = 50 - r. Suppose -l = -3*p + 2*p. Calculate the remainder when 27 is divided by p.
6
Let c(r) = -24*r + 53. Let y be c(10). Let u = y - -240. What is the remainder when 261 is divided by u?
49
Let a be 42/18 + -3 + (-22)/(-6). What is the remainder when 123 is divided by ((-84)/20)/((-1)/15*a)?
18
What is the remainder when 7 - -190*(1 + -5)/(-4) is divided by 47?
9
Let x(o) = 6*o - 14. Let z be x(11). Let w be 249/13 + (-8)/z. Suppose 0 = -k + w + 8. What is the remainder when 51 is divided by k?
24
Let b = -27451 - -27469. What is the remainder when 127 + (-2 - 2) - 0 is divided by b?
15
Let i(f) = -48*f - 129. What is the remainder when i(-7) is divided by 35?
32
Suppose 0 = 259*m - 6*m - 2024. Let u(q) = 3*q**2 + 3*q + 4. What is the remainder when u(-3) is divided by m?
6
Calculate the remainder when 131 is divided by (-1160)/(-100)*(-1 - -11).
15
Let o = -356 - -508. Suppose -8*i + o = -128. Let b = -30 + i. Calculate the remainder when 12 is divided by b.
2
Suppose 71*j - 53*j - 2376 = 0. Calculate the remainder when 1054 is divided by j.
130
Suppose 0 = 4*i - 37 - 175. Suppose 31*v = 29*v + 8. Suppose 0*g - 4*s = -5*g + 110, v*s = -20. What is the remainder when i is divided by g?
17
Let i = -3280 + 3377. Suppose 0*a + 45 = 5*a. Calculate the remainder when i is divided by a.
7
Suppose 60*p + 40*p = -93*p + 164822. What is the remainder when p is divided by 20?
14
Suppose -347 = -3*j + 64. Suppose -136*k - 15 = -j*k. Calculate the remainder when 74 is divided by k.
14
Let b = 2497 + -1511. Suppose -36*s + b = -19*s. Calculate the remainder when 114 is divided by s.
56
Suppose 0 = 53*v - 72 - 140. Suppose -r + 588 = 4*k, v*r + 490 = 4*k - 78. Calculate the remainder when k is divided by 15.
11
Let x(a) = 12*a + 14 - 5*a**2 + 7*a + 11*a - 29*a - a**3. What is the remainder when x(-6) is divided by 32?
12
Suppose -11*f - 18 = -20*f. Suppose 12*r = 16*r + f*v - 106, 2*r + 5*v = 65. What is the remainder when 123 is divided by r?
23
What is the remainder when 461 is divided by (-6 - 0/8)*((0 - 2) + -4)?
29
Let q be (-50)/4 - (-6)/12. Let h(w) = -w**2 - 17*w + 3. What is the remainder when 122 is divided by h(q)?
59
Let w = -26 - -36. Suppose 157 = 5*t - 4*f, 4*t - 107 = f - 4*f. Calculate the remainder when t is divided by w.
9
Let p(h) = 2*h**2 + 194*h + 1432. Let m(g) = -5*g + 1. Suppose 4*z + 6 = 3*z. Calculate the remainder when m(z) is divided by p(-89).
7
What is the remainder when ((-4)/(-2))/((-39)/((-721539)/42)) is divided by 108?
17
Suppose y - 43 = 4*h, -11*y + 14*y = 2*h + 79. Let s = -34 - -71. Calculate the remainder when s is divided by y.
14
Suppose 8993 + 10047 = 112*b. What is the remainder when 409 is divided by b?
69
Let r(j) = j**2 - 3*j + 3. Let q be r(3). Suppose 0 = -q*h + h + 80. Calculate the remainder when 19*(5 + -1) + 0/(-10) is divided by h.
36
Let i be (-3)/5 + (-544)/(-40). Suppose 20*k - 371 = i*k. What is the remainder when k is divided by 38?
15
Let m = 398 - 183. Suppose 4*n = m + 265. Calculate the remainder when n is divided by 37.
9
Suppose -100*v = -127*v + 4644. Calculate the remainder when 454 is divided by v.
110
Let r(h) = 531*h - 2891. What is the remainder when 1658 is divided by r(7)?
6
Let v(f) = 4*f + 17. Let g = -51 - -49. Let q(p) = p + 6. Let s(m) = g*v(m) + 7*q(m). Calculate the remainder when 28 is divided by s(5).
1
Let f = -12905 + 13022. What is the remainder when 1049 is divided by f?
113
Let t(s) = -s**2 - 8*s + 240. Let p be t(-20). Suppose 36*w - 194 - 274 = p. What is the remainder when w is divided by 4?
1
Let v(j) = -j**3 + 9*j**2 + 3*j - 16. Calculate the remainder when 91 is divided by v(9).
3
Let k be (-84)/22 + (-4)/22. Calculate the remainder when 45860/300 - k/30 is divided by 40.
33
Let h(d) = -d**2 + 9*d. Let o(b) = 8*b + 10. Let w be o(7). Let m = w + -60. What is the remainder when h(m) is divided by 5?
3
Let j(a) = -a**2 + 19*a - 7. Let x = -32 + 42. Calculate the remainder when j(x) is divided by 7.
6
Suppose 2*w = 5*l + 184, 18 = -123*l + 120*l. What is the remainder when 4156 is divided by w?
75
Suppose -2*n + 343 = d, 2*d - 631 = -2*n + 59. Calculate the remainder when d is divided by 35*(-4)/(-80)*(-4)/(-1).
4
Suppose -r - 175*j + 174*j + 136 = 0, 156 = r - 4*j. What is the remainder when 249 is divided by r?
109
Let q be ((-2718)/(-8))/3 - (-4)/(-16). Let a = 30 - q. Let x = a - -136. Calculate the remainder when x is divided by 28.
25
Suppose -12861 = -110*f + 12439. What is the remainder when 710 is divided by f?
20
Calculate the remainder when 3133 is divided by (152/(-608))/(4/(-784)).
46
Let l(s) = s**3 - 8*s**2 - 10*s + 14. Let j be l(9). Suppose -t + 228 = 4*x, j*x + t - 282 = -t. What is the remainder when 461 is divided by x?
55
Suppose 1401439 + 530078 = 69*t. Calculate the remainder when t is divided by 11.
9
Suppose 0 = -x + m + 127, 2*m = 3*x - 952 + 565. Calculate the remainder when 5184 is divided by x.
130
Let n = 1005 + 2309. Calculate the remainder when n is divided by 15.
14
Let b = 25 + -19. Suppose -b*p = -p - 100. Let f(k) = -k**3 + 2*k**2 + 6*k + 5. Calculate the remainder when p is divided by f(-2).
2
Let p be (-26)/(3/2 - 1). Suppose 7*t = 5*i + 3*t - 62, -4*i - 2*t + 34 = 0. What is the remainder when (p + 0)*9/(-12) is divided by i?
9
Suppose -12*v + 14*v - 290 = 0. Let n = 174 - v. Suppose 6*f - 2*f = -5*g + 239, -4*g = 4*f - 236. Calculate the remainder when f is divided by n.
27
Let p = 406 - 404. Suppose 5*b = 2*b. Suppose b = -3*d, -d + 76 = p*g + d. What is the remainder when g is divided by 10?
8
Let j(b) = b**2 - 9*b + 40. Suppose -164 = -17*o - 45. What is the remainder when j(o) is divided by (0 - 2) + 9 + 2?
8
Suppose -1034 = -4*o + l, 5*o = 2*o - 3*l + 798. Calculate the remainder when o is divided by 50.
10
Let m be -3*4/6*-1. Suppose 0 = -o - 3*w - 72, 258 = 4*o - 8*o - m*w. Let c = o - -93. What is the remainder when c is divided by 16?
14
Let p = -33 - -26. Let v(y) = -21*y - 14. Let l(h) = 27*h**3 + h**2 + 5*h - 5. What is the remainder when v(p) is divided by l(1)?
21
Let w(v) = 6*v - 5. Let t be w(6). Calculate the remainder when 181 is divided by t - (-6)/(-8)*60/9.
25
Let a = -13 - -57. Let f(o) = o**3 - 44*o**2 - 97*o - 4. Let c be f(47). Suppose -17*g + c = -g. Calculate the remainder when g is divided by a.
41
Let n(p) = 92 - 3*p + 16*p - 15*p - 4*p + 150. Calculate the remainder when 734 is divided by n(35).
30
Let t = -255 - -269. Let v be (-17)/5 + (-9)/15. What is the remainder when t is divided by 2/v*3*-2?
2
What is the remainder when 7546/6*2142/2499 is divided by 41?
12
Suppose 10*p - 338 = 402. Suppose -12 = -4*r, 15*r - 10*r = -3*j + 75. What is the remainder when p is divided by j?
14
Let v = -811 - -842. Suppose v*h - 48*h + 3417 = 0. What is the remainder when h is divided by 102?
99
What is the remainder when ((-4465)/380)/((-2)/224) is divided by 120?
116
Suppose 36*n + 746 + 364 - 11370 = 0. Calculate the remainder when 1117 is divided by n.
262
Suppose 2 = 2*c + 3*d, -3*c = 4*d - 4 - 0. Let r be 306/c + (30/12)/(-5). Calculate the remainder when r/((-3)/(3/(-2))) is divided by 8.
6
Let v = 163 + -18. Suppose -5*t = 5*d - d + 5, 2*t + 4*d = -14. Suppose -t*g + a = -0*a - 67, -4*a + 5 = g. What is the remainder when v is divided by g?
19
Suppose -4*t + 628 = -3*v - 15, -3*v - 3 = 0. What is the remainder when 3035 is divided by t?
155
Let q(p) = -p**2 - 149*p + 145. Calculate the remainder when q(0) is divided by 72.
1
Calculate the remainder when 186 is divided by 13 - (333/(-148))/(3/8).
15
Let c(i) = -i**3 + 8*i**2 + 4*i + 24. Let a be c(8). Let b = a - 53. Suppose -b = r - 24. Calculate the remainder when 60 i